38 - z. Let t(b) = -4*b - 2. What is t(c)?
14
Let v(n) = -3*n. Let s(i) = -12*i + 82. Let c = -238 + 245. Let l be s(c). What is v(l)?
6
Let o(b) = 2*b**3 + 8*b**2 - 3*b**3 - 4 - 3*b - 6. Let r be -18*5/(-240) - 159/(-24). Determine o(r).
18
Let p = -5 + 7. Suppose -p*w + 15 = 1. Let h(d) = -d + 8. Give h(w).
1
Let y(w) = 3*w**3 - 4*w**2 + 4*w - 2. Let g be y(1). Let q be 10 + (g*3)/((-15)/10). Let v(t) = t - 10. Calculate v(q).
-2
Suppose -9*f = -152 + 197. Let g(b) = -b**3 - 7*b**2 - 13*b. Calculate g(f).
15
Let s be ((-105)/(-54) - 24/54)/9. Let b(c) be the second derivative of 1/12*c**4 + 0 + 9/2*c**2 + 3*c - s*c**3. Determine b(0).
9
Suppose 26 = -5*n - 2*k + 6, -k + 5 = 0. Let q(x) = -18*x**2 + 25*x**2 - 13*x**2 + 18*x**2 + 2*x**3. What is q(n)?
0
Let d(a) = -6*a**3 - 2*a**2 + 1. Let p(w) = 14 + 6*w + 9 - 6. Let u be p(-3). Let s be (-3)/6 - (-9)/(-6)*u. Determine d(s).
-7
Suppose 5*t - 127 = -2*z - 27, -188 = -5*z + 3*t. Suppose -3*v = 44*p - z*p - 7, 2*p = -v + 3. Let s(o) = -7*o + 1. Give s(v).
-6
Suppose 3880 = 1090*h - 1575*h. Let r(q) = 3 + 0*q**2 - 5 - q**2 - 6*q. Give r(h).
-18
Suppose -p = -3*b + 2*p + 15, -4*b + 20 = 3*p. Let x(n) = -b*n - 20 + 6 + 17 + n**2. Give x(5).
3
Let o(u) be the first derivative of -u**3 - 4*u**2 + 6*u - 3433. Let w be (-8)/((1 - -5) + -4). What is o(w)?
-10
Let u(i) = i**2 - 12*i - 416. Let b be u(-15). Let n(j) = j + 25. Calculate n(b).
14
Let o(t) = 5*t. Let b(m) = 3*m**3 - 15*m + 3*m**3 - 7*m**3 - 6 + 2 - 16*m**2. Let p be b(-15). Determine o(p).
-20
Suppose 0 = 38*h + 22*h + 36780. Let f = -615 - h. Let y(x) = -x**3 - 2*x**2 - x + 3. Determine y(f).
5
Let h(t) = t**3 + 5*t**2 - 9*t - 4. Let d(p) be the third derivative of -p**5/60 - p**4/3 - p**3 + p**2 + 21*p. Let c be d(0). Give h(c).
14
Let i(l) be the third derivative of -7*l**4/24 + 7*l**3/6 - 45636*l**2. Let q = 3 - -2. Determine i(q).
-28
Let f(u) = u**2 - 66*u + 362. Let k = 6085 + -6025. Give f(k).
2
Let t(n) = -3*n - 6*n + 2 + 0 + n**2. Suppose 365*v - 381*v + 112 = 0. What is t(v)?
-12
Let p(v) be the third derivative of 37*v**2 + 0*v - 3*v**3 - 5/24*v**4 + 0. Let l be p(-5). Let z(x) = x**2 - 7*x + 5. Determine z(l).
5
Let h(b) = -5*b**2 - 36*b - 4 - 37*b + 74*b. Let g(m) = m**2 + 1. Let j(v) = -6*g(v) - h(v). What is j(4)?
-22
Let q(m) = 37*m**3 + 13*m**2 - 7*m - 41. Let v(x) = -39*x**3 - 14*x**2 + 8*x + 45. Let l(u) = 12*q(u) + 11*v(u). Give l(-1).
-14
Let p(g) = -12*g**2 - 3 - g + 5*g**2 + 4. Let r = 8938 - 8936. Give p(r).
-29
Let j(w) be the first derivative of -2*w + 1 + 4/3*w**3 - 1/2*w**2 + 1/4*w**4. Suppose -2*q + 2*b - 201 + 209 = 0, -3*q + 6 = -2*b. Calculate j(q).
8
Let h(b) = -2*b + 3. Let p be (-36)/198 - (-588)/(-33). Let w be p*(2/(-14) - 40/(-84)). Determine h(w).
15
Let z be 16/6 + 0 + (-190)/285. Let u(c) = -7*c**2 + 3 + 2*c**2 + 5*c**2 - 2*c**z - 5*c. Calculate u(-3).
0
Let x(b) = -3*b + b**3 - 10*b**2 + 13 - b - 8*b. Suppose -35 = 18*h - 21*h - 2*d, 3*h - 32 = d. Give x(h).
2
Let z(s) = -s**2 + 12*s - 1. Let b(q) = 22*q**2 + 6*q + 6. Suppose -3*x + 14 = -4*a, -3*a - x - 2 = 2. Let c be b(a). Let y = c + -70. Give z(y).
-1
Let v be ((-10)/((-80)/6))/((-2)/(-8)). Suppose v*j - 13 = -10. Let y(s) be the first derivative of 7*s**4/4 - 2*s**3/3 + s + 134. What is y(j)?
6
Let j(x) = x - 1. Let t be 3 - (-3 + 6 + (-3 - -1)). Suppose -2*q = 4*z + 20, -26 = t*z + 3*z + 2*q. Calculate j(z).
-7
Let v(f) = -38*f + 97. Let g(w) = -35*w + 101. Let a(o) = -3*g(o) + 4*v(o). Determine a(2).
-9
Let v(r) be the second derivative of r**3/6 + 5*r**2/2 + 426*r. Suppose -3*i + 8 = -4*l, 1 - 3 = l - 4*i. Let z(f) = 3*f. Let u be z(l). Calculate v(u).
-1
Let k be -2*(3 - (-1 - -2)). Let j(f) = -1647*f - 107. Let v(z) = -385*z - 25. Let x(g) = -18*j(g) + 77*v(g). Calculate x(k).
-3
Let f(m) = -58*m + 9. Let b(i) = -29*i + 3. Let p(h) = -5*b(h) + 2*f(h). Determine p(-2).
-55
Let s = 23789 - 23779. Let d(i) = 2*i**3 - 21*i**2 + 8*i - 12. Determine d(s).
-32
Suppose -72 = -3*t - 93. Let w be 29/(-5) + (t - 1)/40. Let n(b) = -b**2 - 3*b - 5. Give n(w).
-23
Let u(f) be the second derivative of f**3 + 0 + 7/12*f**4 + 1/20*f**5 + 1/2*f**2 - 6*f. Determine u(-6).
1
Let d(o) = -23*o**3 - 137*o**2 - 65*o. Let l(b) = 4*b**3 + 27*b**2 + 13*b. Let p(r) = -2*d(r) - 11*l(r). Give p(12).
-12
Let b(k) = -k**3 + 6*k**2 - 6*k + 5. Let c be b(5). Let q(f) be the first derivative of 16*f - 1/3*f**3 + 0*f**2 - 1/4*f**4 + 242. Give q(c).
16
Let n(b) = -b**2 + b - 1. Suppose -7*a - 2 + 23 = 0. Suppose -5*x = -r - 8, 4*r + 2*x - 15 = -a. Determine n(r).
-3
Suppose 4*b + n + 0*n - 39 = 0, b = 2*n + 12. Let d(o) = -o + 5 - 6 + 15 + 0*o. Calculate d(b).
4
Let h(n) = 7*n - 2. Suppose -23*g = -13*g + 90. Determine h(g).
-65
Let x be (-174)/(-18) - (-7)/21. Let r(y) = -x*y**2 + 10*y**2 + 11*y + 1 + y**2. Give r(-10).
-9
Let s(j) = 9*j**2 + 27*j - 8. Let v(a) = a**3 - 19*a - 2. Let u(f) = s(f) + v(f). Determine u(-7).
32
Suppose -5*n + 560 + 540 = 0. Suppose 0 = 26*l - 28*l + n. Let r(w) = l*w - 1 - 114*w - 1 + 2*w**2. Determine r(4).
14
Let v(w) = -w**2 - 10*w - 8. Let k(u) = u**2 + 10*u + 9. Let a(s) = 3*k(s) + 2*v(s). Suppose -3*h - 491 = -518. Suppose h*m = -m - 80. Give a(m).
-5
Let j(h) = 5 + 8*h - 2 - 2*h. Suppose 1 = -11*p + 8 + 26. Give j(p).
21
Let x(p) = -p**3 - 17*p**2 - 20*p - 50. Let m = 2949 + -2965. Give x(m).
14
Let u(d) = 6*d**3 - 20*d**2 + 92*d - 52. Let c(i) = -i**3 + 4*i**2 - 15*i + 9. Let h(r) = 23*c(r) + 4*u(r). Determine h(-10).
-31
Let o(l) = l**2 - l + 65. Let h be o(0). Suppose 5*q = 3*z - 4, 21*q - 7 = -2*z + 20*q. Suppose 0 = -66*k + h*k - z. Let v(t) = 2*t + 4. Determine v(k).
-2
Let h(i) = -i**3 - 106*i**2 - 202*i + 627. Let q be h(-104). Let a(t) be the second derivative of -5*t**3/3 + 2*t**2 - t. Determine a(q).
-26
Let h(d) = -20*d**2 - 25*d**2 - 3 + 23*d**3 + 18*d**3 + 46*d**2 + 2. Give h(-1).
-41
Let r(y) be the second derivative of y**7/840 + y**6/72 + y**5/120 - 5*y**4/24 + 13*y**3/3 + 11*y - 1. Let a(v) be the second derivative of r(v). What is a(-4)?
7
Let x(k) be the third derivative of -k**4/8 + 14*k**3/3 + 255*k**2 - 4*k. Determine x(0).
28
Let y(v) be the first derivative of v**3/3 + 13*v**2 + 2*v - 2942. Calculate y(-25).
-23
Suppose -3*j - 44 = -149. Suppose -j + 13 = 5*u - 3*t, -u - 3*t - 8 = 0. Let n(a) = -6 + 8 - a - 4. Give n(u).
3
Let g(p) = -6*p + 6 + 0*p + 0*p + 5*p + 16*p**2. Let z(b) = -9*b**2 - 4. Let f(n) = 4*g(n) + 7*z(n). Calculate f(4).
-4
Let u(w) = 12*w**2 - 9*w**2 - 17*w**2 + 3 + 15*w + 15*w**2. Give u(-14).
-11
Let t(f) be the first derivative of f**2/2 + 2*f + 1. Let j(i) = 5*i + 53. Let s(p) = 11*p**3 + 2*p**2 + 4*p + 2. Let z be s(-1). Let w be j(z). Give t(w).
0
Suppose -p + 5*p = 48. Suppose a - 3*z - p = 0, -4*z - 4 - 10 = -2*a. Let t be (-1 - 2) + a + 3. Let m(h) = -3*h - 2. What is m(t)?
7
Let b(k) = -k**3 - 6*k**2 + k. Suppose 0 = 4*l - 4*o - 32, -l = 12*o - 8*o + 7. Suppose 24 = -4*r + l*m, -4*r = -m - m + 24. Give b(r).
-6
Let y(h) = h**3 + 8*h**2 + 23*h + 22. Let t(k) = -2*k**3 - 16*k**2 - 49*k - 44. Let r(m) = 6*t(m) + 13*y(m). Give r(-8).
-18
Let w(c) be the first derivative of -c**3 + 20*c**2 + 4*c + 4321. Determine w(13).
17
Let d(h) = 19*h**2 - 15*h + 26. Let j(v) = 51*v**2 - 44*v + 78. Let o(k) = -8*d(k) + 3*j(k). What is o(10)?
6
Let p(c) = 48*c - 5. Suppose -20 = o - 22*g + 19*g, o - 10 = -2*g. What is p(o)?
-101
Let s(p) be the second derivative of -p**5/20 - 3*p**4/4 + 2*p**3 + 12*p**2 - 1221*p. Calculate s(-10).
4
Let t(l) = l**3 + 1. Let y(o) = 16*o**3 - o**2 + 2*o + 4. Let g(w) = 5*t(w) - y(w). Suppose 12 = -3*c, -8*c - 13 = -d - 5*c. What is g(d)?
-11
Suppose 7*m - 46 + 53 = 0. Let j be 1/((m/(-10))/1). Let h(v) = v - 2. What is h(j)?
8
Suppose 456*g = 455*g + 1. Suppose -64*z + 65*z = -g. Let l(i) be the third derivative of -5*i**4/24 - i**3/6 + i**2. Calculate l(z).
4
Let h(x) be the first derivative of -x**3/3 + x + 393. Let n be (-15)/(-3)*1/1. Suppose n*w = 1 - 11. Determine h(w).
-3
Let d(z) be the first derivative of -z**2 - 35*z - 670. Give d(-10).
-15
Let v(g) be the third derivative of -g**7/1260 - g**6/48 - 61*g**5/30 - 171*g**2. Let x(s) be the third derivative of v(s). Calculate x(-6).
9
Let h(o) = 25 - 5*o**2 - 15*o**2 + 9*o - 8*o**2 + 26*o**2 - 14*o**2 - o**3. Wha